{"id":106,"date":"2020-09-06T18:49:56","date_gmt":"2020-09-06T18:49:56","guid":{"rendered":"http:\/\/www.jungfraeiske-maeinskup.frl\/?page_id=106"},"modified":"2025-12-16T12:32:51","modified_gmt":"2025-12-16T10:32:51","slug":"us-feraein","status":"publish","type":"page","link":"https:\/\/www.jungfraeiske-maeinskup.frl\/de\/feraein\/us-feraein\/","title":{"rendered":"Unser Verein"},"content":{"rendered":"\n<p class=\"has-medium-font-size\">Die Jungfr\u00e4iske M\u00e4inskup ist ein Verein, der sich f\u00fcr die ostfriesische Sprache und Kultur einsetzt, diese bewahren und in die Zukunft f\u00fchren m\u00f6chte. Sie sieht die bereits seit \u00fcber 100 Jahren bestehende <a href=\"https:\/\/jongfryskemienskip.frl\/\" target=\"_blank\" rel=\"noreferrer noopener\">Jongfryske Mienskip<\/a> als Vorbild un Schwesterorganisation. Dennoch ist die politische Stellung der Ostfriesen in Deutschland heute eine andere als die der Friesen in der Provinz Frysl\u00e2n in den Niederlanden.<\/p>\n\n\n\n<p class=\"has-medium-font-size\">Die Belange der friesischen Minderheit, die in beiden L\u00e4ndern als solche anerkannt ist, werden in den Niederlanden im Provinzialparlament in Leeuwarden durch politische Parteien vertreten und erhalten somit eine legislative Legitimation. In Deutschland gibt es noch keine wirkliche politische Vertretung der friesischen Minderheit im nieders\u00e4chsischen Land- oder deutschen Bundestag.<\/p>\n\n\n\n<p class=\"has-medium-font-size\">Die St\u00e4rkung der friesischen Interessen kann nur dann gelingen, wenn das friesische Eigenverst\u00e4ndnis und ein regionales Selbstbewusstsein in Ostfriesland geweckt, bzw. verst\u00e4rkt wird. Dies geschieht in den Augen der Jungfr\u00e4iske M\u00e4inskup in erster Linie durch die Bewusstwerdung \u00fcber die friesische Herkunft und das Ostfriesische Platt. Das Ostfriesische als friesisch-niederdeutsche Kontaktsprache und das Saterfriesische als osterlauwersfriesische Sprache werden heute zunehmend vom Hochdeutschen verdr\u00e4ngt. Diese Verdr\u00e4ngung muss gestoppt werden, damit die Sprache revitalisiert werden k\u00f6nnen.<\/p>\n\n\n\n<p class=\"has-medium-font-size\">Auch wenn die Jungfr\u00e4iske M\u00e4inskup selbst politisch nicht aktiv ist, lehnt sie Separatismus sowie Links- und Rechtsextremismus entschieden ab, da diese Ideologien immer destruktiv auf Gesellschaften wirken und niemals den Gedanken einer freien Gesellschaft erf\u00fcllen k\u00f6nnen.<\/p>\n\n\n\n<p class=\"has-medium-font-size\">Wie jeder Verein kann auch die Jungfr\u00e4iske M\u00e4inskup nur dann dauerhaft bestehen und seine Ziele verfolgen, wenn viele Menschen gemeinsam an einem Strang ziehen. Du musst nicht Mitglied in unserem Verein sein, um das Selbstverst\u00e4ndnis der Friesen in Ostfriesland zu st\u00e4rken. Dennoch w\u00fcrden wir uns freuen, wenn wir dich in unserer Gemeinschaft begr\u00fc\u00dfen k\u00f6nnten. Denn jeder Mensch kann als Teil zum Ganzen beitragen. Wir laden darum jeden Menschen ein den Verein zu unterst\u00fctzen. Jede Hilfe, gleich welcher Art, ist willkommen. Einige M\u00f6glichkeiten der Unterst\u00fctzung sind:<\/p>\n\n\n\n<ul class=\"wp-block-list\">\n<li class=\"has-medium-font-size\">Eintritt in den Verein<\/li>\n\n\n\n<li class=\"has-medium-font-size\">Finanzielle Unterst\u00fctzung (einmalig oder regelm\u00e4\u00dfig)<\/li>\n\n\n\n<li class=\"has-medium-font-size\">Teilen der Inhalte in den sozialen Netzwerken<\/li>\n\n\n\n<li class=\"has-medium-font-size\">Unterst\u00fctzung bei einmaligen oder regelm\u00e4\u00dfigen Aktionen<\/li>\n\n\n\n<li class=\"has-medium-font-size\">U.v.m.<\/li>\n<\/ul>\n\n\n\n<p><\/p>\n\n\n\n<p><\/p>\n","protected":false},"excerpt":{"rendered":"<p>Die Jungfr\u00e4iske M\u00e4inskup ist ein Verein, der sich f\u00fcr die ostfriesische Sprache und Kultur einsetzt, diese bewahren und in die Zukunft f\u00fchren m\u00f6chte. Sie sieht die bereits seit \u00fcber 100 Jahren bestehende Jongfryske Mienskip als Vorbild un Schwesterorganisation. Dennoch ist die politische Stellung der Ostfriesen in Deutschland heute eine andere als die der Friesen in [&hellip;]<\/p>\n","protected":false},"author":3,"featured_media":0,"parent":265,"menu_order":0,"comment_status":"closed","ping_status":"closed","template":"","meta":{"footnotes":""},"class_list":["post-106","page","type-page","status-publish","hentry"],"translation":{"provider":"WPGlobus","version":"3.0.2","language":"de","enabled_languages":["fs","de","en"],"languages":{"fs":{"title":true,"content":true,"excerpt":false},"de":{"title":true,"content":true,"excerpt":false},"en":{"title":true,"content":true,"excerpt":false}}},"yoast_head":"<!-- This site is optimized with the Yoast SEO plugin v27.1 - https:\/\/yoast.com\/product\/yoast-seo-wordpress\/ -->\n<title>Unser Verein - Jungfr\u00e4iske M\u00e4inskup<\/title>\n<meta name=\"robots\" content=\"index, follow, max-snippet:-1, max-image-preview:large, max-video-preview:-1\" \/>\n<link rel=\"canonical\" href=\"https:\/\/www.jungfraeiske-maeinskup.frl\/feraein\/us-feraein\/\" \/>\n<meta property=\"og:locale\" content=\"de_DE\" \/>\n<meta property=\"og:type\" content=\"article\" \/>\n<meta property=\"og:title\" content=\"Unser Verein - Jungfr\u00e4iske M\u00e4inskup\" \/>\n<meta property=\"og:url\" content=\"https:\/\/www.jungfraeiske-maeinskup.frl\/feraein\/us-feraein\/\" \/>\n<meta property=\"og:site_name\" content=\"Jungfr\u00e4iske M\u00e4inskup\" \/>\n<meta property=\"article:publisher\" content=\"https:\/\/www.facebook.com\/jfmfrl\/\" \/>\n<meta property=\"article:modified_time\" content=\"2025-12-16T10:32:51+00:00\" \/>\n<meta name=\"twitter:card\" content=\"summary_large_image\" \/>\n<meta name=\"twitter:label1\" content=\"Gesch\u00e4tzte Lesezeit\" \/>\n\t<meta name=\"twitter:data1\" content=\"3\u00a0Minuten\" \/>\n<script type=\"application\/ld+json\" class=\"yoast-schema-graph\">{\"@context\":\"https:\/\/schema.org\",\"@graph\":[{\"@type\":\"WebPage\",\"@id\":\"https:\/\/www.jungfraeiske-maeinskup.frl\/feraein\/us-feraein\/\",\"url\":\"https:\/\/www.jungfraeiske-maeinskup.frl\/feraein\/us-feraein\/\",\"name\":\"Unser Verein - Jungfr\u00e4iske M\u00e4inskup\",\"isPartOf\":{\"@id\":\"https:\/\/www.jungfraeiske-maeinskup.frl\/#website\"},\"datePublished\":\"2020-09-06T18:49:56+00:00\",\"dateModified\":\"2025-12-16T10:32:51+00:00\",\"breadcrumb\":{\"@id\":\"https:\/\/www.jungfraeiske-maeinskup.frl\/feraein\/us-feraein\/#breadcrumb\"},\"inLanguage\":\"de\",\"potentialAction\":[{\"@type\":\"ReadAction\",\"target\":[\"https:\/\/www.jungfraeiske-maeinskup.frl\/feraein\/us-feraein\/\"]}]},{\"@type\":\"BreadcrumbList\",\"@id\":\"https:\/\/www.jungfraeiske-maeinskup.frl\/feraein\/us-feraein\/#breadcrumb\",\"itemListElement\":[{\"@type\":\"ListItem\",\"position\":1,\"name\":\"Startseite\",\"item\":\"https:\/\/www.jungfraeiske-maeinskup.frl\/\"},{\"@type\":\"ListItem\",\"position\":2,\"name\":\"Verein\",\"item\":\"https:\/\/www.jungfraeiske-maeinskup.frl\/feraein\/\"},{\"@type\":\"ListItem\",\"position\":3,\"name\":\"Unser Verein\"}]},{\"@type\":\"WebSite\",\"@id\":\"https:\/\/www.jungfraeiske-maeinskup.frl\/#website\",\"url\":\"https:\/\/www.jungfraeiske-maeinskup.frl\/\",\"name\":\"Jungfr\u00e4iske M\u00e4inskup\",\"description\":\"M\u00e4inskup f\u00f6\u00f6r t\u00f3\u00f3l un kult\u00fcer\",\"publisher\":{\"@id\":\"https:\/\/www.jungfraeiske-maeinskup.frl\/#organization\"},\"potentialAction\":[{\"@type\":\"SearchAction\",\"target\":{\"@type\":\"EntryPoint\",\"urlTemplate\":\"https:\/\/www.jungfraeiske-maeinskup.frl\/?s={search_term_string}\"},\"query-input\":{\"@type\":\"PropertyValueSpecification\",\"valueRequired\":true,\"valueName\":\"search_term_string\"}}],\"inLanguage\":\"de\"},{\"@type\":\"Organization\",\"@id\":\"https:\/\/www.jungfraeiske-maeinskup.frl\/#organization\",\"name\":\"Jungfr\u00e4iske M\u00e4inskup\",\"url\":\"https:\/\/www.jungfraeiske-maeinskup.frl\/\",\"logo\":{\"@type\":\"ImageObject\",\"inLanguage\":\"de\",\"@id\":\"https:\/\/www.jungfraeiske-maeinskup.frl\/#\/schema\/logo\/image\/\",\"url\":\"https:\/\/www.jungfraeiske-maeinskup.frl\/wp-content\/uploads\/2020\/09\/logo_mit_hg.jpg\",\"contentUrl\":\"https:\/\/www.jungfraeiske-maeinskup.frl\/wp-content\/uploads\/2020\/09\/logo_mit_hg.jpg\",\"width\":1800,\"height\":1800,\"caption\":\"Jungfr\u00e4iske M\u00e4inskup\"},\"image\":{\"@id\":\"https:\/\/www.jungfraeiske-maeinskup.frl\/#\/schema\/logo\/image\/\"},\"sameAs\":[\"https:\/\/www.facebook.com\/jfmfrl\/\"]}]}<\/script>\n<!-- \/ Yoast SEO plugin. -->","yoast_head_json":{"title":"Unser Verein - Jungfr\u00e4iske M\u00e4inskup","robots":{"index":"index","follow":"follow","max-snippet":"max-snippet:-1","max-image-preview":"max-image-preview:large","max-video-preview":"max-video-preview:-1"},"canonical":"https:\/\/www.jungfraeiske-maeinskup.frl\/feraein\/us-feraein\/","og_locale":"de_DE","og_type":"article","og_title":"Unser Verein - Jungfr\u00e4iske M\u00e4inskup","og_url":"https:\/\/www.jungfraeiske-maeinskup.frl\/feraein\/us-feraein\/","og_site_name":"Jungfr\u00e4iske M\u00e4inskup","article_publisher":"https:\/\/www.facebook.com\/jfmfrl\/","article_modified_time":"2025-12-16T10:32:51+00:00","twitter_card":"summary_large_image","twitter_misc":{"Gesch\u00e4tzte Lesezeit":"3\u00a0Minuten"},"schema":{"@context":"https:\/\/schema.org","@graph":[{"@type":"WebPage","@id":"https:\/\/www.jungfraeiske-maeinskup.frl\/feraein\/us-feraein\/","url":"https:\/\/www.jungfraeiske-maeinskup.frl\/feraein\/us-feraein\/","name":"Unser Verein - Jungfr\u00e4iske M\u00e4inskup","isPartOf":{"@id":"https:\/\/www.jungfraeiske-maeinskup.frl\/#website"},"datePublished":"2020-09-06T18:49:56+00:00","dateModified":"2025-12-16T10:32:51+00:00","breadcrumb":{"@id":"https:\/\/www.jungfraeiske-maeinskup.frl\/feraein\/us-feraein\/#breadcrumb"},"inLanguage":"de","potentialAction":[{"@type":"ReadAction","target":["https:\/\/www.jungfraeiske-maeinskup.frl\/feraein\/us-feraein\/"]}]},{"@type":"BreadcrumbList","@id":"https:\/\/www.jungfraeiske-maeinskup.frl\/feraein\/us-feraein\/#breadcrumb","itemListElement":[{"@type":"ListItem","position":1,"name":"Startseite","item":"https:\/\/www.jungfraeiske-maeinskup.frl\/"},{"@type":"ListItem","position":2,"name":"Verein","item":"https:\/\/www.jungfraeiske-maeinskup.frl\/feraein\/"},{"@type":"ListItem","position":3,"name":"Unser Verein"}]},{"@type":"WebSite","@id":"https:\/\/www.jungfraeiske-maeinskup.frl\/#website","url":"https:\/\/www.jungfraeiske-maeinskup.frl\/","name":"Jungfr\u00e4iske M\u00e4inskup","description":"M\u00e4inskup f\u00f6\u00f6r t\u00f3\u00f3l un kult\u00fcer","publisher":{"@id":"https:\/\/www.jungfraeiske-maeinskup.frl\/#organization"},"potentialAction":[{"@type":"SearchAction","target":{"@type":"EntryPoint","urlTemplate":"https:\/\/www.jungfraeiske-maeinskup.frl\/?s={search_term_string}"},"query-input":{"@type":"PropertyValueSpecification","valueRequired":true,"valueName":"search_term_string"}}],"inLanguage":"de"},{"@type":"Organization","@id":"https:\/\/www.jungfraeiske-maeinskup.frl\/#organization","name":"Jungfr\u00e4iske M\u00e4inskup","url":"https:\/\/www.jungfraeiske-maeinskup.frl\/","logo":{"@type":"ImageObject","inLanguage":"de","@id":"https:\/\/www.jungfraeiske-maeinskup.frl\/#\/schema\/logo\/image\/","url":"https:\/\/www.jungfraeiske-maeinskup.frl\/wp-content\/uploads\/2020\/09\/logo_mit_hg.jpg","contentUrl":"https:\/\/www.jungfraeiske-maeinskup.frl\/wp-content\/uploads\/2020\/09\/logo_mit_hg.jpg","width":1800,"height":1800,"caption":"Jungfr\u00e4iske M\u00e4inskup"},"image":{"@id":"https:\/\/www.jungfraeiske-maeinskup.frl\/#\/schema\/logo\/image\/"},"sameAs":["https:\/\/www.facebook.com\/jfmfrl\/"]}]}},"_links":{"self":[{"href":"https:\/\/www.jungfraeiske-maeinskup.frl\/de\/wp-json\/wp\/v2\/pages\/106","targetHints":{"allow":["GET"]}}],"collection":[{"href":"https:\/\/www.jungfraeiske-maeinskup.frl\/de\/wp-json\/wp\/v2\/pages"}],"about":[{"href":"https:\/\/www.jungfraeiske-maeinskup.frl\/de\/wp-json\/wp\/v2\/types\/page"}],"author":[{"embeddable":true,"href":"https:\/\/www.jungfraeiske-maeinskup.frl\/de\/wp-json\/wp\/v2\/users\/3"}],"replies":[{"embeddable":true,"href":"https:\/\/www.jungfraeiske-maeinskup.frl\/de\/wp-json\/wp\/v2\/comments?post=106"}],"version-history":[{"count":80,"href":"https:\/\/www.jungfraeiske-maeinskup.frl\/de\/wp-json\/wp\/v2\/pages\/106\/revisions"}],"predecessor-version":[{"id":2670,"href":"https:\/\/www.jungfraeiske-maeinskup.frl\/de\/wp-json\/wp\/v2\/pages\/106\/revisions\/2670"}],"up":[{"embeddable":true,"href":"https:\/\/www.jungfraeiske-maeinskup.frl\/de\/wp-json\/wp\/v2\/pages\/265"}],"wp:attachment":[{"href":"https:\/\/www.jungfraeiske-maeinskup.frl\/de\/wp-json\/wp\/v2\/media?parent=106"}],"curies":[{"name":"wp","href":"https:\/\/api.w.org\/{rel}","templated":true}]}}

<p class="has-medium-font-size">Die Jungfräiske Mäinskup ist ein Verein, der sich für die ostfriesische Sprache und Kultur einsetzt, diese bewahren und in die Zukunft führen möchte. Sie sieht die bereits seit über 100 Jahren bestehende <a href="https://jongfryskemienskip.frl/" target="_blank" rel="noreferrer noopener">Jongfryske Mienskip</a> als Vorbild un Schwesterorganisation. Dennoch ist die politische Stellung der Ostfriesen in Deutschland heute eine andere als die der Friesen in der Provinz Fryslân in den Niederlanden.</p>



<p class="has-medium-font-size">Die Belange der friesischen Minderheit, die in beiden Ländern als solche anerkannt ist, werden in den Niederlanden im Provinzialparlament in Leeuwarden durch politische Parteien vertreten und erhalten somit eine legislative Legitimation. In Deutschland gibt es noch keine wirkliche politische Vertretung der friesischen Minderheit im niedersächsischen Land- oder deutschen Bundestag.</p>



<p class="has-medium-font-size">Die Stärkung der friesischen Interessen kann nur dann gelingen, wenn das friesische Eigenverständnis und ein regionales Selbstbewusstsein in Ostfriesland geweckt, bzw. verstärkt wird. Dies geschieht in den Augen der Jungfräiske Mäinskup in erster Linie durch die Bewusstwerdung über die friesische Herkunft und das Ostfriesische Platt. Das Ostfriesische als friesisch-niederdeutsche Kontaktsprache und das Saterfriesische als osterlauwersfriesische Sprache werden heute zunehmend vom Hochdeutschen verdrängt. Diese Verdrängung muss gestoppt werden, damit die Sprache revitalisiert werden können.</p>



<p class="has-medium-font-size">Auch wenn die Jungfräiske Mäinskup selbst politisch nicht aktiv ist, lehnt sie Separatismus sowie Links- und Rechtsextremismus entschieden ab, da diese Ideologien immer destruktiv auf Gesellschaften wirken und niemals den Gedanken einer freien Gesellschaft erfüllen können.</p>



<p class="has-medium-font-size">Wie jeder Verein kann auch die Jungfräiske Mäinskup nur dann dauerhaft bestehen und seine Ziele verfolgen, wenn viele Menschen gemeinsam an einem Strang ziehen. Du musst nicht Mitglied in unserem Verein sein, um das Selbstverständnis der Friesen in Ostfriesland zu stärken. Dennoch würden wir uns freuen, wenn wir dich in unserer Gemeinschaft begrüßen könnten. Denn jeder Mensch kann als Teil zum Ganzen beitragen. Wir laden darum jeden Menschen ein den Verein zu unterstützen. Jede Hilfe, gleich welcher Art, ist willkommen. Einige Möglichkeiten der Unterstützung sind:</p>



<ul class="wp-block-list">
<li class="has-medium-font-size">Eintritt in den Verein</li>



<li class="has-medium-font-size">Finanzielle Unterstützung (einmalig oder regelmäßig)</li>



<li class="has-medium-font-size">Teilen der Inhalte in den sozialen Netzwerken</li>



<li class="has-medium-font-size">Unterstützung bei einmaligen oder regelmäßigen Aktionen</li>



<li class="has-medium-font-size">U.v.m.</li>
</ul>



<p></p>



<p></p>

<p>Die Jungfräiske Mäinskup ist ein Verein, der sich für die ostfriesische Sprache und Kultur einsetzt, diese bewahren und in die Zukunft führen möchte. Sie sieht die bereits seit über 100 Jahren bestehende Jongfryske Mienskip als Vorbild un Schwesterorganisation. Dennoch ist die politische Stellung der Ostfriesen in Deutschland heute eine andere als die der Friesen in [&hellip;]</p>

<!-- This site is optimized with the Yoast SEO plugin v27.1 - https://yoast.com/product/yoast-seo-wordpress/ -->
<title>Unser Verein - Jungfräiske Mäinskup</title>
<meta name="robots" content="index, follow, max-snippet:-1, max-image-preview:large, max-video-preview:-1" />
<link rel="canonical" href="https://www.jungfraeiske-maeinskup.frl/feraein/us-feraein/" />
<meta property="og:locale" content="de_DE" />
<meta property="og:type" content="article" />
<meta property="og:title" content="Unser Verein - Jungfräiske Mäinskup" />
<meta property="og:url" content="https://www.jungfraeiske-maeinskup.frl/feraein/us-feraein/" />
<meta property="og:site_name" content="Jungfräiske Mäinskup" />
<meta property="article:publisher" content="https://www.facebook.com/jfmfrl/" />
<meta property="article:modified_time" content="2025-12-16T10:32:51+00:00" />
<meta name="twitter:card" content="summary_large_image" />
<meta name="twitter:label1" content="Geschätzte Lesezeit" />
	<meta name="twitter:data1" content="3 Minuten" />
<script type="application/ld+json" class="yoast-schema-graph">{"@context":"https://schema.org","@graph":[{"@type":"WebPage","@id":"https://www.jungfraeiske-maeinskup.frl/feraein/us-feraein/","url":"https://www.jungfraeiske-maeinskup.frl/feraein/us-feraein/","name":"Unser Verein - Jungfräiske Mäinskup","isPartOf":{"@id":"https://www.jungfraeiske-maeinskup.frl/#website"},"datePublished":"2020-09-06T18:49:56+00:00","dateModified":"2025-12-16T10:32:51+00:00","breadcrumb":{"@id":"https://www.jungfraeiske-maeinskup.frl/feraein/us-feraein/#breadcrumb"},"inLanguage":"de","potentialAction":[{"@type":"ReadAction","target":["https://www.jungfraeiske-maeinskup.frl/feraein/us-feraein/"]}]},{"@type":"BreadcrumbList","@id":"https://www.jungfraeiske-maeinskup.frl/feraein/us-feraein/#breadcrumb","itemListElement":[{"@type":"ListItem","position":1,"name":"Startseite","item":"https://www.jungfraeiske-maeinskup.frl/"},{"@type":"ListItem","position":2,"name":"Verein","item":"https://www.jungfraeiske-maeinskup.frl/feraein/"},{"@type":"ListItem","position":3,"name":"Unser Verein"}]},{"@type":"WebSite","@id":"https://www.jungfraeiske-maeinskup.frl/#website","url":"https://www.jungfraeiske-maeinskup.frl/","name":"Jungfräiske Mäinskup","description":"Mäinskup föör tóól un kultüer","publisher":{"@id":"https://www.jungfraeiske-maeinskup.frl/#organization"},"potentialAction":[{"@type":"SearchAction","target":{"@type":"EntryPoint","urlTemplate":"https://www.jungfraeiske-maeinskup.frl/?s={search_term_string}"},"query-input":{"@type":"PropertyValueSpecification","valueRequired":true,"valueName":"search_term_string"}}],"inLanguage":"de"},{"@type":"Organization","@id":"https://www.jungfraeiske-maeinskup.frl/#organization","name":"Jungfräiske Mäinskup","url":"https://www.jungfraeiske-maeinskup.frl/","logo":{"@type":"ImageObject","inLanguage":"de","@id":"https://www.jungfraeiske-maeinskup.frl/#/schema/logo/image/","url":"https://www.jungfraeiske-maeinskup.frl/wp-content/uploads/2020/09/logo_mit_hg.jpg","contentUrl":"https://www.jungfraeiske-maeinskup.frl/wp-content/uploads/2020/09/logo_mit_hg.jpg","width":1800,"height":1800,"caption":"Jungfräiske Mäinskup"},"image":{"@id":"https://www.jungfraeiske-maeinskup.frl/#/schema/logo/image/"},"sameAs":["https://www.facebook.com/jfmfrl/"]}]}</script>
<!-- / Yoast SEO plugin. -->

Unser Verein - Jungfräiske Mäinskup

Jungfräiske Mäinskup

Mäinskup föör tóól un kultüer
